e the greatest common factor of 262 and b.
131
Let k = 75 - 95. Let v be (-1)/(-2) - 10/k - -35. What is the highest common factor of 60 and v?
12
Suppose -10956*s - 44 = -10957*s. Calculate the highest common factor of 132 and s.
44
Let i = 21474 + -20433. Calculate the greatest common factor of i and 12.
3
Let z = 913 - 907. Let t be (-276)/(-10)*25/5. What is the highest common divisor of t and z?
6
Let y = 58 + 52. Suppose 15 + 3 = 3*w. Suppose w*m - 20 = 46. Calculate the highest common factor of y and m.
11
Let m(n) = 5*n**2 - 21*n + 52. Let u be m(3). Suppose 102 + u = 17*p. Calculate the greatest common factor of p and 14.
2
Suppose -f + 36 = s + 4*f, s - 34 = -3*f. Suppose -26*b = -s*b + 20. Let g = b - -16. What is the highest common divisor of g and 20?
20
Let n be 3/(998/(-250) + 4)*(-2)/(-2). Calculate the greatest common divisor of n and 40.
5
Suppose 4*a + 4*w = -w + 1197, -3*w + 294 = a. Let i = -127 + a. What is the highest common factor of i and 11?
11
Let l be ((-1 - 4) + 5)*-1. Suppose l = 3*x - 54 - 27. What is the highest common factor of x and 783?
27
Suppose u - 4*n = -0*n + 5, -5*n - 5 = -u. Suppose -9*f + 4*f - y + 490 = 0, 470 = u*f + 5*y. What is the greatest common divisor of 165 and f?
33
Let j = -3608 + 4409. What is the greatest common divisor of j and 2225?
89
Let c = -572 + 302. Let p = c + 321. Calculate the highest common divisor of 17 and p.
17
Let m be ((-4784)/52 + -55)*(-554)/2. What is the highest common divisor of m and 42?
21
Let z(l) = 15*l + 1293. Let p be z(-54). What is the highest common divisor of 1288 and p?
161
Let v be 105 - ((-9)/3 + 4). Let x be (-4)/(-6)*(17 - 14)*1. Let o be (v - 8)*x/3. What is the highest common divisor of 96 and o?
32
Let s be -3*2*(-2)/4. Let a = -3201 + 3216. Suppose -a = -8*n + s*n. What is the highest common factor of 33 and n?
3
Let h be 27/54*(-52)/(-2). Suppose h*y - 5*y - 1568 = 0. Calculate the greatest common factor of 56 and y.
28
Suppose -36*c = -9012 + 6719 - 10127. Calculate the highest common factor of 7038 and c.
69
Suppose -x = 2, 3*k - 2*x = 6*k - 41. Suppose -4*y + 6*q - 3*q = 179, 2*q = -2*y - 86. Let a = 74 + y. What is the greatest common factor of a and k?
15
Let i be 109 - (0 - (-12 - -23)). Calculate the highest common factor of 1536 and i.
24
Let a be -3 + 7 - 1 - -1. Let r be 210/18*(-1 + a). Suppose -6*o = -11*o + r. What is the highest common factor of o and 1?
1
Suppose -122 + 192 = -5*c. Let q be (432/84)/((-4)/c). Suppose 3*v - 5*v = -72. Calculate the greatest common factor of q and v.
18
Let q(j) = j**2 - 16*j - 23. Let g be q(18). Suppose 4*d + 1685 = 3*z, 4*z - 5*d = -9*d + 2228. What is the highest common factor of g and z?
13
Suppose k - 5*k + 3*a = -165, -2*a + 235 = 5*k. Let t be (4/((-12)/(-5)))/(117/1053). Calculate the greatest common factor of t and k.
15
Let c = -52715 - -52745. Suppose -89 = 5*i - 289. What is the greatest common factor of c and i?
10
Let v(l) = 12*l**2 + 7*l + 71. Let a be v(11). Suppose 0 = 6*b - a + 1138. Calculate the highest common factor of 55 and b.
11
Let x = 10401 - 10261. What is the highest common divisor of x and 2716?
28
Let k(i) = -i**2 + 31*i - 172. Let c be k(19). What is the highest common factor of 712 and c?
8
Suppose -1045*t = -1035*t - 2360. Calculate the highest common factor of 4 and t.
4
Let f = -14 - -25. Suppose -5*l - 7 = t - 3, -2*t = -4*l - 34. Calculate the greatest common factor of f and t.
11
Let o be 2/8 + (-166)/(-8). Let i be ((-186)/12 - -5)*124/217 - -195. What is the greatest common divisor of i and o?
21
Suppose 5*x - 126 = -26. Suppose 5*z = -h - 5 + 7, 4*z + 3*h - 6 = 0. Suppose 5*d + 252 - 302 = z. Calculate the highest common divisor of x and d.
10
Let q be ((-21)/(-12))/(10/320). Suppose l - 19 = -o, -9 + 40 = o - 5*l. What is the highest common factor of o and q?
7
Suppose -5*i + 4*k + 4696 = 0, -3*k = -2 - 1. Suppose i + 572 = 9*x. Calculate the greatest common factor of x and 63.
21
Let l(i) = 17*i**3 + 5*i**2 + 26*i - 90. Let s be l(3). Calculate the greatest common divisor of 12 and s.
12
Let n(k) = 3*k**2 + 6*k - 13. Let j be n(5). Let g be 1 + 4*15 - 1. Let v = j - g. What is the highest common divisor of v and 64?
32
Let u = 51 - 38. Let p = 15 - u. Suppose 221 = p*f - 3*g, f - 108 = -2*g + 6*g. Calculate the greatest common divisor of f and 7.
7
Suppose 0 = -5*l - 20, 3*d = 5*l + 16904. What is the highest common divisor of d and 21?
21
Suppose 129*u - 137*u = -360. Suppose 1 = j, 5*j = -10*w + 6*w + u. Calculate the highest common divisor of 310 and w.
10
Let j(w) = 8*w - 42. Suppose -4*y - 34 = -70. Let b be j(y). What is the greatest common divisor of b and 6?
6
Suppose 68*g = 49*g + 228. Suppose -3*f + 11*m = g*m - 141, -189 = -4*f - m. What is the greatest common factor of 624 and f?
48
Suppose -10 = -4*l + 2*g, 5*g + 2 = 5*l - 8. Let a be (5/l + -1)/(20/33540). What is the highest common divisor of a and 86?
86
Suppose 8 = 3*n - 1. Suppose 6*z + n*t = 2*z + 380, 0 = -z - 3*t + 86. What is the greatest common divisor of z and 42?
14
Let o = -4267 - -4340. Calculate the greatest common factor of 25769 and o.
73
Let f be 9282/68*(-5)/60*-4*6. Suppose 5*i + 4*s = 47, 0*i - s = -2*i + 11. What is the greatest common divisor of f and i?
7
Let r(f) = -2*f**3 + 26*f**2 + 30*f - 8. Suppose -4*k - 25 = -6*k + 3*s, 5*k = -s + 71. Let t be r(k). What is the greatest common divisor of t and 360?
20
Let p be 5/(-1*(-4)/20). Suppose 0 = 14*g - 13*g + 3*q - p, 90 = 4*g + 2*q. What is the highest common divisor of g and 605?
11
Let s(v) = -3*v**2 + 7*v + 6. Let u be s(11). Let c = -118 - u. Suppose -5*o + 75 = 5*r, 4*r - 5*o = 2*r + 51. Calculate the greatest common factor of c and r.
18
Suppose 0 = 2*h + 3*a - 84, 0 = -2*h + a + 72 + 12. Let d be (-4)/(-22) + (-4 - (-85646)/121). Let o = 809 - d. What is the greatest common factor of h and o?
21
Suppose -5106 = -130*w + 127*w. Calculate the highest common divisor of 148 and w.
74
Let j be 0*((-2)/(-4) + 0). Let k = 3884 + -3874. Suppose 4*x - 181 = -4*g + 131, -5*x - k = j. Calculate the greatest common factor of 64 and g.
16
Let f be (-5)/(5/6) + (-20 - (-404 + 9)). Calculate the highest common divisor of 243 and f.
9
Let k be 0 - (-45)/30*(-40)/(-6). Suppose -12*l + 7*l = -350. What is the highest common divisor of k and l?
10
Suppose -4*v + 21180 = 5*x, x + 2*v - 8470 = -x. Suppose -x = -20*s + 10*s. Calculate the greatest common factor of s and 8.
8
Suppose 4*i - 2*x = 262 - 94, i - 27 = 3*x. What is the highest common divisor of 5 and i?
5
Let w(f) = 4*f**3 - 11*f**2 + 9382*f + 46 - 9381*f - 5*f**3. Let t be w(-11). Calculate the highest common factor of 42 and t.
7
Let x be 2/(-9) + (-10)/(450/(-2035)). Let p = x - 39. Calculate the highest common divisor of 186 and p.
6
Suppose -3*f + 3*t = -7*f + 21, t = 4*f - 9. Suppose -5*i + h + 3*h = -2250, f*h = 0. What is the greatest common factor of i and 50?
50
Let x be 108/(-60)*5 - -8116. What is the greatest common divisor of x and 363?
121
Suppose 0 = 43*m - 27*m - 19*m + 450. What is the highest common factor of m and 408?
6
Let h be 18/10 - (145/25 + -6). Let u(b) = -16*b**3 + b**2 - 2*b - 3. Let p be u(h). Let n = -71 - p. Calculate the greatest common factor of 24 and n.
12
Let u = -2390 - -2444. Calculate the highest common factor of u and 129.
3
Let k(x) = 26*x - 22. Let s be k(2). Suppose -25*b + s*b - 245 = 0. What is the greatest common divisor of b and 196?
49
Suppose 3*a = -106*h + 108*h + 166, 3*h = 5*a - 278. Let z = -67 - -24. Let t = a + z. What is the highest common divisor of t and 120?
15
Let n be 0 + -3 - -1*75. Let z be 8/(-60) + (-6214)/(-30). Suppose c - 2*q - 30 = 0, 5*c - 5*q + 42 - z = 0. What is the greatest common divisor of n and c?
36
Suppose 36*j - j + 2310 = 0. Let m be 25*2 + j + 63. What is the highest common factor of m and 1175?
47
Suppose 5*g - 5*b = 170, -3*b = -116*g + 115*g + 46. What is the highest common factor of 6034 and g?
14
Let n be (3*(1 + 1) + 4)*(-63 + 80). Calculate the highest common divisor of n and 14365.
85
Suppose -2*a + 46 = a + 2*h, -2*h + 10 = 0. Suppose a = 4*w + 2*s + 36, -w = 3*s - 4. Let u be w*4/(-8) - -2. Calculate the greatest common factor of 48 and u.
6
Let b(x) = -3*x**3 - 3*x**2 + 2*x - 3